{"id":588,"date":"2021-12-22T12:39:36","date_gmt":"2021-12-22T12:39:36","guid":{"rendered":"https:\/\/caganguney.com\/eng\/?page_id=588"},"modified":"2021-12-22T12:39:36","modified_gmt":"2021-12-22T12:39:36","slug":"air-transportation","status":"publish","type":"page","link":"https:\/\/caganguney.com\/eng\/air-transportation\/","title":{"rendered":"Air Transportation"},"content":{"rendered":"Providing quality and reliable airline service, Cagan Guney Transportation carries out transportation from almost all airports of Turkey to the whole world.\r\n<br>\r\n<br>\r\nWe carry out the organization in such a way that we can provide customer satisfaction with more active and timely check-out arrivals for their transportation with reliable relations in air transportation.\r\n<br>\r\n<br>\r\n\r\n\u00c7a\u011fan G\u00fcney Transportation is able to provide reliable service with space guarantee and the best facilities for all your needs, from minimum cargo to Charter aircraft loads.\r\n<br>\r\n<br>\r\n\r\nThanks to the strong network of agents around the world, we deliver quickly and reliably.\r\n<br>\r\n<br>\r\n\r\nImport\/Export Transportations\r\n<br>\r\n<br>\r\n\r\nGlobal agency networks around the world\r\n<br>\r\n<br>\r\n\r\nDoor-to-door delivery\r\n<br>\r\n<br>\r\n\r\nRegular consolidation\r\n<br>\r\n<br>\r\n\r\nProject transportation\r\n<br>\r\n<br>\r\n\r\nExpress service\r\n<br>\r\n<br>\r\n\r\nCharter services\r\n<br>\r\n<br>\r\n\r\nMultimodal services\r\n<br>\r\n<br>\r\n\r\nCourier services","protected":false},"excerpt":{"rendered":"<p>Providing quality and reliable airline service, Cagan Guney Transportation carries out transportation from almost all airports of Turkey to the whole world. We carry out the organization in such a way that we can provide customer satisfaction with more active and timely check-out arrivals for their transportation with reliable relations in air transportation. \u00c7a\u011fan G\u00fcney [&hellip;]<\/p>\n","protected":false},"author":1,"featured_media":0,"parent":0,"menu_order":0,"comment_status":"closed","ping_status":"closed","template":"","meta":[],"_links":{"self":[{"href":"https:\/\/caganguney.com\/eng\/wp-json\/wp\/v2\/pages\/588"}],"collection":[{"href":"https:\/\/caganguney.com\/eng\/wp-json\/wp\/v2\/pages"}],"about":[{"href":"https:\/\/caganguney.com\/eng\/wp-json\/wp\/v2\/types\/page"}],"author":[{"embeddable":true,"href":"https:\/\/caganguney.com\/eng\/wp-json\/wp\/v2\/users\/1"}],"replies":[{"embeddable":true,"href":"https:\/\/caganguney.com\/eng\/wp-json\/wp\/v2\/comments?post=588"}],"version-history":[{"count":2,"href":"https:\/\/caganguney.com\/eng\/wp-json\/wp\/v2\/pages\/588\/revisions"}],"predecessor-version":[{"id":590,"href":"https:\/\/caganguney.com\/eng\/wp-json\/wp\/v2\/pages\/588\/revisions\/590"}],"wp:attachment":[{"href":"https:\/\/caganguney.com\/eng\/wp-json\/wp\/v2\/media?parent=588"}],"curies":[{"name":"wp","href":"https:\/\/api.w.org\/{rel}","templated":true}]}}