{"id":621,"date":"2021-12-22T18:46:05","date_gmt":"2021-12-22T18:46:05","guid":{"rendered":"https:\/\/caganguney.com\/eng\/?page_id=621"},"modified":"2022-01-25T10:24:23","modified_gmt":"2022-01-25T10:24:23","slug":"contact","status":"publish","type":"page","link":"https:\/\/caganguney.com\/eng\/contact\/","title":{"rendered":"Contact"},"content":{"rendered":"\t\t<div data-elementor-type=\"wp-page\" data-elementor-id=\"621\" class=\"elementor elementor-621\" data-elementor-settings=\"[]\">\n\t\t\t\t\t\t<div class=\"elementor-inner\">\n\t\t\t\t\t\t\t<div class=\"elementor-section-wrap\">\n\t\t\t\t\t\t\t<section class=\"elementor-section elementor-top-section elementor-element elementor-element-0358982 elementor-section-boxed elementor-section-height-default elementor-section-height-default\" data-id=\"0358982\" data-element_type=\"section\">\n\t\t\t\t\t\t<div class=\"elementor-container elementor-column-gap-default\">\n\t\t\t\t\t\t\t<div class=\"elementor-row\">\n\t\t\t\t\t<div class=\"elementor-column elementor-col-100 elementor-top-column elementor-element elementor-element-1cbcae9\" data-id=\"1cbcae9\" data-element_type=\"column\">\n\t\t\t<div class=\"elementor-column-wrap elementor-element-populated\">\n\t\t\t\t\t\t\t<div class=\"elementor-widget-wrap\">\n\t\t\t\t\t\t<div class=\"elementor-element elementor-element-2542747 e-transform e-transform e-transform e-transform elementor-align-left elementor-widget elementor-widget-bdevs-contact\" data-id=\"2542747\" data-element_type=\"widget\" data-settings=\"{&quot;_transform_rotateZ_effect&quot;:{&quot;unit&quot;:&quot;px&quot;,&quot;size&quot;:0,&quot;sizes&quot;:[]},&quot;_transform_translateX_effect&quot;:{&quot;unit&quot;:&quot;px&quot;,&quot;size&quot;:0,&quot;sizes&quot;:[]},&quot;_transform_translateY_effect&quot;:{&quot;unit&quot;:&quot;px&quot;,&quot;size&quot;:0,&quot;sizes&quot;:[]},&quot;_transform_skewX_effect&quot;:{&quot;unit&quot;:&quot;px&quot;,&quot;size&quot;:0,&quot;sizes&quot;:[]},&quot;_transform_rotateZ_effect_tablet&quot;:{&quot;unit&quot;:&quot;px&quot;,&quot;size&quot;:&quot;&quot;,&quot;sizes&quot;:[]},&quot;_transform_rotateZ_effect_mobile&quot;:{&quot;unit&quot;:&quot;px&quot;,&quot;size&quot;:&quot;&quot;,&quot;sizes&quot;:[]},&quot;_transform_translateX_effect_tablet&quot;:{&quot;unit&quot;:&quot;px&quot;,&quot;size&quot;:&quot;&quot;,&quot;sizes&quot;:[]},&quot;_transform_translateX_effect_mobile&quot;:{&quot;unit&quot;:&quot;px&quot;,&quot;size&quot;:&quot;&quot;,&quot;sizes&quot;:[]},&quot;_transform_translateY_effect_tablet&quot;:{&quot;unit&quot;:&quot;px&quot;,&quot;size&quot;:&quot;&quot;,&quot;sizes&quot;:[]},&quot;_transform_translateY_effect_mobile&quot;:{&quot;unit&quot;:&quot;px&quot;,&quot;size&quot;:&quot;&quot;,&quot;sizes&quot;:[]},&quot;_transform_scaleX_effect&quot;:{&quot;unit&quot;:&quot;px&quot;,&quot;size&quot;:&quot;&quot;,&quot;sizes&quot;:[]},&quot;_transform_scaleX_effect_tablet&quot;:{&quot;unit&quot;:&quot;px&quot;,&quot;size&quot;:&quot;&quot;,&quot;sizes&quot;:[]},&quot;_transform_scaleX_effect_mobile&quot;:{&quot;unit&quot;:&quot;px&quot;,&quot;size&quot;:&quot;&quot;,&quot;sizes&quot;:[]},&quot;_transform_scaleY_effect&quot;:{&quot;unit&quot;:&quot;px&quot;,&quot;size&quot;:&quot;&quot;,&quot;sizes&quot;:[]},&quot;_transform_scaleY_effect_tablet&quot;:{&quot;unit&quot;:&quot;px&quot;,&quot;size&quot;:&quot;&quot;,&quot;sizes&quot;:[]},&quot;_transform_scaleY_effect_mobile&quot;:{&quot;unit&quot;:&quot;px&quot;,&quot;size&quot;:&quot;&quot;,&quot;sizes&quot;:[]},&quot;_transform_skewX_effect_tablet&quot;:{&quot;unit&quot;:&quot;px&quot;,&quot;size&quot;:&quot;&quot;,&quot;sizes&quot;:[]},&quot;_transform_skewX_effect_mobile&quot;:{&quot;unit&quot;:&quot;px&quot;,&quot;size&quot;:&quot;&quot;,&quot;sizes&quot;:[]},&quot;_transform_skewY_effect&quot;:{&quot;unit&quot;:&quot;px&quot;,&quot;size&quot;:&quot;&quot;,&quot;sizes&quot;:[]},&quot;_transform_skewY_effect_tablet&quot;:{&quot;unit&quot;:&quot;px&quot;,&quot;size&quot;:&quot;&quot;,&quot;sizes&quot;:[]},&quot;_transform_skewY_effect_mobile&quot;:{&quot;unit&quot;:&quot;px&quot;,&quot;size&quot;:&quot;&quot;,&quot;sizes&quot;:[]}}\" data-widget_type=\"bdevs-contact.default\">\n\t\t\t\t<div class=\"elementor-widget-container\">\n\t\t\t\t\t<!-- contact-us-area-start -->\r\n        <div class=\"contact-us-area pt-125 pb-115\" style=\"background-image:url(https:\/\/caganguney.com\/eng\/wp-content\/uploads\/2021\/12\/12.jpeg)\">\r\n            <div class=\"container\">\r\n                <div class=\"row\">\r\n                    <div class=\"col-xl-8 col-lg-8 offset-lg-2 offset-xl-2\">\r\n                        <div class=\"section-title white-title section-2 text-center pos-rel mr-80 ml-80 mb-75\">\r\n                        \t                            <h1><\/h1>\r\n                        \t                        \t                        \t<span class=\"border-left-1\"><\/span>\r\n                            <span>Contact Form<\/span>\r\n                            <span class=\"border-right-1\"><\/span>\r\n                                                                                <\/div>\r\n                    <\/div> \r\n                <\/div>\r\n                <div class=\"row\">\r\n                    <div class=\"col-xl-4 col-lg-4\">\r\n                        <div class=\"single-contact-us mb-30\">\r\n                        \t                            <div class=\"contact-us-list\">\r\n                                <div class=\"contact-us-icon f-right\">\r\n                                    <i class=\"far fa-phone\"><\/i>\r\n                                <\/div>\r\n                                <div class=\"contact-us-text f-right\">\r\n                                    <span><\/span>\r\n                                    <h4>+90530 946 35 15 <br>\n+90212 224 83 64<\/h4>\r\n                                <\/div>\r\n                            <\/div>\r\n                                                        <div class=\"contact-us-list\">\r\n                                <div class=\"contact-us-icon f-right\">\r\n                                    <i class=\"far fa-envelope-open\"><\/i>\r\n                                <\/div>\r\n                                <div class=\"contact-us-text f-right\">\r\n                                    <span><\/span>\r\n                                    <h4>cagan@ <br>caganguney.com<\/h4>\r\n                                <\/div>\r\n                            <\/div>\r\n                                                        <div class=\"contact-us-list\">\r\n                                <div class=\"contact-us-icon f-right\">\r\n                                    <i class=\"far fa-phone\"><\/i>\r\n                                <\/div>\r\n                                <div class=\"contact-us-text f-right\">\r\n                                    <span><\/span>\r\n                                    <h4>\u0130skender Pa\u015fa Mh. <br>Nal\u0131nc\u0131 Fevzi Sk.\n<br>No: 36\/A Fatih, \u0130stanbul<\/h4>\r\n                                <\/div>\r\n                            <\/div>\r\n                                                    <\/div>\r\n                    <\/div>\r\n                    <div class=\"col-xl-8 col-lg-8\">\r\n                        <div class=\"contact-us-wrapper\">\r\n                            <div role=\"form\" class=\"wpcf7\" id=\"wpcf7-f123-o1\" lang=\"en-US\" dir=\"ltr\">\n<div class=\"screen-reader-response\"><\/div>\n<form action=\"\/eng\/wp-json\/wp\/v2\/pages\/621#wpcf7-f123-o1\" method=\"post\" class=\"wpcf7-form\" novalidate=\"novalidate\">\n<div style=\"display: none;\">\n<input type=\"hidden\" name=\"_wpcf7\" value=\"123\" \/>\n<input type=\"hidden\" name=\"_wpcf7_version\" value=\"5.0.2\" \/>\n<input type=\"hidden\" name=\"_wpcf7_locale\" value=\"en_US\" \/>\n<input type=\"hidden\" name=\"_wpcf7_unit_tag\" value=\"wpcf7-f123-o1\" \/>\n<input type=\"hidden\" name=\"_wpcf7_container_post\" value=\"0\" \/>\n<\/div>\n<div id=\"contact-form\" action=\"#\">\n<div class=\"row\">\n<div class=\"col-lg-6\">\n<div class=\"form-2-box user-2-icon mb-30\">\n                <span class=\"wpcf7-form-control-wrap names\"><input type=\"text\" name=\"names\" value=\"\" size=\"40\" class=\"wpcf7-form-control wpcf7-text wpcf7-validates-as-required\" aria-required=\"true\" aria-invalid=\"false\" placeholder=\"Your Name\" \/><\/span>\n            <\/div>\n<\/p><\/div>\n<div class=\"col-lg-6\">\n<div class=\"form-2-box email-2-icon mb-30\">\n                <span class=\"wpcf7-form-control-wrap email\"><input type=\"email\" name=\"email\" value=\"\" size=\"40\" class=\"wpcf7-form-control wpcf7-text wpcf7-email wpcf7-validates-as-required wpcf7-validates-as-email\" aria-required=\"true\" aria-invalid=\"false\" placeholder=\"E-mail\" \/><\/span>\n            <\/div>\n<\/p><\/div>\n<div class=\"col-lg-6\">\n<div class=\"form-2-box phone-2-icon mb-30\">\n                <span class=\"wpcf7-form-control-wrap phone\"><input type=\"text\" name=\"phone\" value=\"\" size=\"40\" class=\"wpcf7-form-control wpcf7-text wpcf7-validates-as-required\" aria-required=\"true\" aria-invalid=\"false\" placeholder=\"Your Phone\" \/><\/span>\n            <\/div>\n<\/p><\/div>\n<div class=\"col-lg-6\">\n<div class=\"form-2-box subject-2-icon mb-30\">\n                <span class=\"wpcf7-form-control-wrap subject\"><input type=\"text\" name=\"subject\" value=\"\" size=\"40\" class=\"wpcf7-form-control wpcf7-text wpcf7-validates-as-required\" aria-required=\"true\" aria-invalid=\"false\" placeholder=\"Subject\" \/><\/span>\n            <\/div>\n<\/p><\/div>\n<div class=\"col-lg-12\">\n<div class=\"form-2-box message-2-icon mb-30\">\n                <span class=\"wpcf7-form-control-wrap message\"><textarea name=\"message\" cols=\"30\" rows=\"10\" class=\"wpcf7-form-control wpcf7-textarea wpcf7-validates-as-required\" id=\"messgae\" aria-required=\"true\" aria-invalid=\"false\" placeholder=\"Send Message\"><\/textarea><\/span>\n            <\/div>\n<div class=\"contact-btn\">\n                <input type=\"submit\" value=\"Send Message\" class=\"wpcf7-form-control wpcf7-submit btn btn-icon\" \/>\n            <\/div>\n<\/p><\/div>\n<\/p><\/div>\n<\/div>\n<div class=\"wpcf7-response-output wpcf7-display-none\"><\/div><\/form><\/div>                            <p class=\"ajax-response text-center\"><\/p>\r\n                        <\/div>\r\n                    <\/div>\r\n                <\/div>\r\n            <\/div>\r\n        <\/div>\r\n        <!-- contact-us-area-end -->\r\n\t\t\t<\/div>\n\t\t\t\t<\/div>\n\t\t\t\t\t\t<\/div>\n\t\t\t\t\t<\/div>\n\t\t<\/div>\n\t\t\t\t\t\t\t\t<\/div>\n\t\t\t\t\t<\/div>\n\t\t<\/section>\n\t\t\t\t\t\t<\/div>\n\t\t\t\t\t\t<\/div>\n\t\t\t\t\t<\/div>\n\t\t","protected":false},"excerpt":{"rendered":"<p>Contact Form +90530 946 35 15 +90212 224 83 64 cagan@ caganguney.com \u0130skender Pa\u015fa Mh. Nal\u0131nc\u0131 Fevzi Sk. No: 36\/A Fatih, \u0130stanbul<\/p>\n","protected":false},"author":1,"featured_media":0,"parent":0,"menu_order":0,"comment_status":"closed","ping_status":"closed","template":"","meta":[],"_links":{"self":[{"href":"https:\/\/caganguney.com\/eng\/wp-json\/wp\/v2\/pages\/621"}],"collection":[{"href":"https:\/\/caganguney.com\/eng\/wp-json\/wp\/v2\/pages"}],"about":[{"href":"https:\/\/caganguney.com\/eng\/wp-json\/wp\/v2\/types\/page"}],"author":[{"embeddable":true,"href":"https:\/\/caganguney.com\/eng\/wp-json\/wp\/v2\/users\/1"}],"replies":[{"embeddable":true,"href":"https:\/\/caganguney.com\/eng\/wp-json\/wp\/v2\/comments?post=621"}],"version-history":[{"count":12,"href":"https:\/\/caganguney.com\/eng\/wp-json\/wp\/v2\/pages\/621\/revisions"}],"predecessor-version":[{"id":660,"href":"https:\/\/caganguney.com\/eng\/wp-json\/wp\/v2\/pages\/621\/revisions\/660"}],"wp:attachment":[{"href":"https:\/\/caganguney.com\/eng\/wp-json\/wp\/v2\/media?parent=621"}],"curies":[{"name":"wp","href":"https:\/\/api.w.org\/{rel}","templated":true}]}}